{"id":1148,"date":"2015-11-29T12:32:59","date_gmt":"2015-11-29T12:32:59","guid":{"rendered":"http:\/\/www.pk-vision.ch\/?page_id=1148"},"modified":"2024-07-18T15:08:06","modified_gmt":"2024-07-18T15:08:06","slug":"ueber-mich","status":"publish","type":"page","link":"https:\/\/www.pk-vision.ch\/?page_id=1148","title":{"rendered":"\u00dcber mich"},"content":{"rendered":"<table class=\"alignleft\" style=\"width: 100%; border-collapse: collapse;\" border=\"1\">\n<tbody>\n<tr>\n<td style=\"width: 25.8233%; vertical-align: top; text-align: left;\"><img decoding=\"async\" class=\"alignnone wp-image-112\" src=\"\/wp-content\/uploads\/PHIL018.jpg\" alt=\"\u00dcber mich\" width=\"280\" \/><\/td>\n<td style=\"width: 74.1767%; vertical-align: top; text-align: left;\">Meine Anderen Seiten<\/p>\n<ul>\n<li><a href=\"http:\/\/www.philip-karger.ch\/\" target=\"_blank\" rel=\"noopener noreferrer\">Alles zu meiner Person<\/a><\/li>\n<li><a href=\"https:\/\/basilia-basel.ch\/\" target=\"_blank\" rel=\"noopener noreferrer\">Basilia, eine Basiliskin entdeckt Basel \/ Eine Reise zu 49 Basilisken<\/a><\/li>\n<li><a href=\"http:\/\/www.pk-vision.ch\/\" target=\"_blank\" rel=\"noopener noreferrer\">Sehen ist die Kunst \/ Die Kunst des Sehens<\/a><\/li>\n<li><a href=\"http:\/\/blog.philip-karger.ch\/\" target=\"_blank\" rel=\"noopener noreferrer\">PK-Blog &#8211; Recherchiert. \u00dcberlegt. Politisch.<\/a><\/li>\n<\/ul>\n<\/td>\n<\/tr>\n<\/tbody>\n<\/table>\n<p>Kunstfotografie:<br \/>\nSeit 2008 mit den Hauptthemen Natur und Technik, mit viel Detailansichten, Spezialit\u00e4t \u2039Einsatz des Lichts\u203a<\/p>\n<p>Event- und Auftragsfotografie:<br \/>\n\u2022 Seit 2008 Fotoarbeiten f\u00fcr Firmen und Anl\u00e4sse<br \/>\n\u2022 2009 &#8211; 2011 <a href=\"\/?page_id=2644\">Basler-Panoramakalender Basel-Live<\/a><br \/>\n\u2022 Seit 2010 Verkauf von eigenen Festtagskarten <a href=\"?product_cat=weihnachts-jahresendkarten\">Weihnachts- Jahresendkarten<\/a> &amp; <a href=\"??product_cat=sretna_nova_godina\"> Serbisch,- Kroatische Neujahrskarten<\/a><br \/>\n\u2022 2011 Bilder f\u00fcr den Fasnachtskalender (mit Texten von -minu)<br \/>\n\u2022 <a href=\"?product=mineralien-kalender-2016\">Seit 2012 -2016 Mineralien-Kalender<\/a><br \/>\n\u2022 Diverse Auftr\u00e4ge: Z.b:. <a href=\"\/?ims_gallery=elemente\"> Darstellen der 6 chinesischen Elemente<\/a> \/ Portraits f\u00fcr Homepages<br \/>\n\u2022 Fotografieren diverser Anl\u00e4sse, wie General-, Mitgliederversammlungen usw., Veranstaltungen wie Jubil\u00e4en, Podiumsdiskussionen, Er\u00f6ffnungen, ect. Siehe: <a href=\"\/?page_id=2093\">Business-Fotografie<\/a><\/p>\n<p>Arbeiten:<br \/>\n<a href=\"?ims_gallery=zunft-arbeiten\">F\u00fcr die &#8220;E.E. Zunft zum goldenen Stern&#8221; habe ich eine Zunftkarte gestaltet und die Zunftb\u00fccher und Wappenb\u00fccher fotografiert.<\/a><\/p>\n<p>Ausstellungen:<\/p>\n<ul>\n<li><a href=\"?page_id=1162\">2011 Galerie Monfregola, Riehen<\/a><\/li>\n<li><a href=\"http:\/\/www.pk-vision.ch\/?ims_gallery=ausstellung-paradieshofstr-105-nov-2019\">2019 Kunst-Zwischennutzung; Paradieshofstrasse 105<\/a><\/li>\n<\/ul>\n<p>Buch:<\/p>\n<ul>\n<li><a href=\"http:\/\/www.pk-vision.ch\/?product=fotobuch-philip-karger-%e2%80%a2-shots-kurzversion\">Fotobuch: Philip Karger . Shots 1<\/a><\/li>\n<\/ul>\n<h3>Meine Ausr\u00fcstung<\/h3>\n<p><a href=\"\/wp-content\/uploads\/2015\/11\/Nikon-Ausr\u00fcstung.png\" target=\"_blank\" rel=\"noopener noreferrer\"><img loading=\"lazy\" decoding=\"async\" class=\"alignnone wp-image-176275\" src=\"http:\/\/www.pk-vision.ch\/wp-content\/uploads\/Nikon-Ausr\u00fcstung-2019-kl-246x300.gif\" alt=\"\" width=\"296\" height=\"361\" srcset=\"https:\/\/www.pk-vision.ch\/wp-content\/uploads\/Nikon-Ausr\u00fcstung-2019-kl-246x300.gif 246w, https:\/\/www.pk-vision.ch\/wp-content\/uploads\/Nikon-Ausr\u00fcstung-2019-kl-768x938.gif 768w, https:\/\/www.pk-vision.ch\/wp-content\/uploads\/Nikon-Ausr\u00fcstung-2019-kl-838x1024.gif 838w, https:\/\/www.pk-vision.ch\/wp-content\/uploads\/Nikon-Ausr\u00fcstung-2019-kl-164x200.gif 164w, https:\/\/www.pk-vision.ch\/wp-content\/uploads\/Nikon-Ausr\u00fcstung-2019-kl-600x733.gif 600w\" sizes=\"auto, (max-width: 296px) 100vw, 296px\" \/><\/a><\/p>\n ","protected":false},"excerpt":{"rendered":"<p>Meine Anderen Seiten Alles zu meiner Person Basilia, eine Basiliskin entdeckt Basel \/ Eine Reise zu 49 Basilisken Sehen ist die Kunst \/ Die Kunst des Sehens PK-Blog &#8211; Recherchiert. \u00dcberlegt. Politisch. Kunstfotografie: Seit 2008 mit den Hauptthemen Natur und Technik, mit viel Detailansichten, Spezialit\u00e4t \u2039Einsatz des Lichts\u203a Event- und &hellip;<\/p>\n","protected":false},"author":1,"featured_media":0,"parent":0,"menu_order":0,"comment_status":"closed","ping_status":"closed","template":"","meta":{"footnotes":""},"class_list":["post-1148","page","type-page","status-publish","hentry"],"_links":{"self":[{"href":"https:\/\/www.pk-vision.ch\/index.php?rest_route=\/wp\/v2\/pages\/1148","targetHints":{"allow":["GET"]}}],"collection":[{"href":"https:\/\/www.pk-vision.ch\/index.php?rest_route=\/wp\/v2\/pages"}],"about":[{"href":"https:\/\/www.pk-vision.ch\/index.php?rest_route=\/wp\/v2\/types\/page"}],"author":[{"embeddable":true,"href":"https:\/\/www.pk-vision.ch\/index.php?rest_route=\/wp\/v2\/users\/1"}],"replies":[{"embeddable":true,"href":"https:\/\/www.pk-vision.ch\/index.php?rest_route=%2Fwp%2Fv2%2Fcomments&post=1148"}],"version-history":[{"count":57,"href":"https:\/\/www.pk-vision.ch\/index.php?rest_route=\/wp\/v2\/pages\/1148\/revisions"}],"predecessor-version":[{"id":367220,"href":"https:\/\/www.pk-vision.ch\/index.php?rest_route=\/wp\/v2\/pages\/1148\/revisions\/367220"}],"wp:attachment":[{"href":"https:\/\/www.pk-vision.ch\/index.php?rest_route=%2Fwp%2Fv2%2Fmedia&parent=1148"}],"curies":[{"name":"wp","href":"https:\/\/api.w.org\/{rel}","templated":true}]}}