{"id":53011,"date":"2017-02-26T13:34:25","date_gmt":"2017-02-26T13:34:25","guid":{"rendered":"http:\/\/www.pk-vision.ch\/?page_id=53011"},"modified":"2018-05-25T15:15:49","modified_gmt":"2018-05-25T15:15:49","slug":"hochzeits-eventfotografie","status":"publish","type":"page","link":"https:\/\/www.pk-vision.ch\/?page_id=53011","title":{"rendered":"Hochzeits-Eventfotografie"},"content":{"rendered":"<h4>Hochzeiten und Events mit der Kamera begleitet<\/h4>\n<p>Eine Hochzeit, ein Familienfest oder ein anderes Event zu planen ist schon eine Herausforderung f\u00fcr sich. Dabei auch nach daran denken, dass die richtige Fotos gemacht werden, ist eine zus\u00e4tzliche Belastung, die wir Ihnen gerne abnehmen. Im Team mit Herrn Immanuel Matt \u00fcbernehmen wir die fotografische Begleitung Ihres Anlasses. Dabei geben wir den Organisatoren Tipps, wo und wie am besten fotografiert wird, zum Beispiel wo sich die Familie am besten aufstellt.<br \/>\nWenn wir fr\u00fch in die Planung einbezogen werden, helfen wir mit, Ihr Event auch fotografisch interessant zu gestalten.<br \/>\n<img loading=\"lazy\" decoding=\"async\" class=\"alignleft wp-image-53228\" src=\"http:\/\/www.pk-vision.ch\/wp-content\/uploads\/Immi-300x300.jpg\" alt=\"immi\" width=\"209\" height=\"209\" srcset=\"https:\/\/www.pk-vision.ch\/wp-content\/uploads\/Immi-300x300.jpg 300w, https:\/\/www.pk-vision.ch\/wp-content\/uploads\/Immi-600x600.jpg 600w, https:\/\/www.pk-vision.ch\/wp-content\/uploads\/Immi-100x100.jpg 100w, https:\/\/www.pk-vision.ch\/wp-content\/uploads\/Immi-150x150.jpg 150w, https:\/\/www.pk-vision.ch\/wp-content\/uploads\/Immi-768x768.jpg 768w, https:\/\/www.pk-vision.ch\/wp-content\/uploads\/Immi-1024x1024.jpg 1024w, https:\/\/www.pk-vision.ch\/wp-content\/uploads\/Immi.jpg 1944w\" sizes=\"auto, (max-width: 209px) 100vw, 209px\" \/>Wenn wir fr\u00fch in die Planung einbezogen werden, helfen wir mit, Ihr Event auch fotografisch interessant zu gestalten.<\/p>\n<p>S\u00e4mtliche Bildrechte bleiben immer in Ihrem Besitz. Sie erhalten sowohl die originalen Foto-Dateien (Raw-Daten) als auch in JPG-Dateien umgewandelte Bilder.<\/p>\n<p>Selbstverst\u00e4ndlich erstellen wir Ihnen nach einer Vorbesprechung eine Offerte, unsere Preise bewegen sich dabei im mittleren Segment. Um Ihnen eine erste Vorstellung zu vermitteln, finden Sie hier unsere allgemeine Preisliste:<br \/>\n<a href=\"\/wp-content\/uploads\/Preise.pdf\" target=\"new\">Preisliste (40 KB)<\/a><\/p>\n<p>&nbsp;<\/p>\n<p>Hier ein paar Beispiele von Events, die wir begleiten durften:<\/p>\n<p>Hochzeit im August 2016<\/p>\n<p>[ims-gallery number=all id=Chie&#038;Tobias layout=lightbox linkto=file]<\/p>\n<p>Hochzeitspaar l\u00e4sst sich in Basel ablichten<\/p>\n<p>[ims-gallery number=all id=svendi-natalie layout=lightbox linkto=file]<\/p>\n<p>Familienfest<\/p>\n<p>[ims-gallery number=all id=Batmitzwa-Rietschi layout=lightbox linkto=file]<\/p>\n ","protected":false},"excerpt":{"rendered":"<p>Hochzeiten und Events mit der Kamera begleitet Eine Hochzeit, ein Familienfest oder ein anderes Event zu planen ist schon eine Herausforderung f\u00fcr sich. Dabei auch nach daran denken, dass die richtige Fotos gemacht werden, ist eine zus\u00e4tzliche Belastung, die wir Ihnen gerne abnehmen. Im Team mit Herrn Immanuel Matt \u00fcbernehmen &hellip;<\/p>\n","protected":false},"author":1,"featured_media":0,"parent":0,"menu_order":0,"comment_status":"closed","ping_status":"closed","template":"","meta":{"footnotes":""},"class_list":["post-53011","page","type-page","status-publish","hentry"],"_links":{"self":[{"href":"https:\/\/www.pk-vision.ch\/index.php?rest_route=\/wp\/v2\/pages\/53011","targetHints":{"allow":["GET"]}}],"collection":[{"href":"https:\/\/www.pk-vision.ch\/index.php?rest_route=\/wp\/v2\/pages"}],"about":[{"href":"https:\/\/www.pk-vision.ch\/index.php?rest_route=\/wp\/v2\/types\/page"}],"author":[{"embeddable":true,"href":"https:\/\/www.pk-vision.ch\/index.php?rest_route=\/wp\/v2\/users\/1"}],"replies":[{"embeddable":true,"href":"https:\/\/www.pk-vision.ch\/index.php?rest_route=%2Fwp%2Fv2%2Fcomments&post=53011"}],"version-history":[{"count":15,"href":"https:\/\/www.pk-vision.ch\/index.php?rest_route=\/wp\/v2\/pages\/53011\/revisions"}],"predecessor-version":[{"id":53299,"href":"https:\/\/www.pk-vision.ch\/index.php?rest_route=\/wp\/v2\/pages\/53011\/revisions\/53299"}],"wp:attachment":[{"href":"https:\/\/www.pk-vision.ch\/index.php?rest_route=%2Fwp%2Fv2%2Fmedia&parent=53011"}],"curies":[{"name":"wp","href":"https:\/\/api.w.org\/{rel}","templated":true}]}}