{"id":211796,"date":"2020-04-18T13:54:24","date_gmt":"2020-04-18T13:54:24","guid":{"rendered":"http:\/\/www.pk-vision.ch\/?post_type=product&#038;p=211796"},"modified":"2023-03-14T14:20:27","modified_gmt":"2023-03-14T14:20:27","slug":"fotobuch-philip-karger-%e2%80%a2-shots-kurzversion","status":"publish","type":"product","link":"https:\/\/www.pk-vision.ch\/?product=fotobuch-philip-karger-%e2%80%a2-shots-kurzversion","title":{"rendered":"Fotobuch: Philip Karger \u2022 Shots 1"},"content":{"rendered":"<h3>Dies ist die Vorschau einzelner Seiten des Buches!<\/h3>\n<div class=\"wp-booklet-container-light wp-booklet-69e44bf0cb6cd-container\">\r\n\t<div class=\"wp-booklet-light wp-booklet wp-booklet-69e44bf0cb6cd\">\r\n\t\t\t\t\t<div class=\"page\" data-page=\"0\">\r\n\t\t\t\t\r\n\t\t\t\t\t\t\t\t\t\r\n\t\t\t\t\t\t\t\t\t\r\n\t\t\t\t\t\t\r\n\t\t\t\t\t\t<img decoding=\"async\" src=\"https:\/\/www.pk-vision.ch\/wp-content\/uploads\/Buch_Shots_1-kleiner.png\" alt=\"https:\/\/www.pk-vision.ch\/wp-content\/uploads\/Buch_Shots_1-kleiner.png\"\/>\r\n\t\t\t\t\t\t\r\n\t\t\t\t\r\n\t\t\t\t\t\t\t\t\r\n\t\t\t\r\n\t\t\t<\/div>\r\n\t\t\t\t\t<div class=\"page\" data-page=\"1\">\r\n\t\t\t\t\r\n\t\t\t\t\t\t\t\t\t\r\n\t\t\t\t\t\t\t\t\t\r\n\t\t\t\t\t\t\r\n\t\t\t\t\t\t<img decoding=\"async\" src=\"https:\/\/www.pk-vision.ch\/wp-content\/uploads\/002.jpg\" alt=\"https:\/\/www.pk-vision.ch\/wp-content\/uploads\/002.jpg\"\/>\r\n\t\t\t\t\t\t\r\n\t\t\t\t\r\n\t\t\t\t\t\t\t\t\r\n\t\t\t\r\n\t\t\t<\/div>\r\n\t\t\t\t\t<div class=\"page\" data-page=\"2\">\r\n\t\t\t\t\r\n\t\t\t\t\t\t\t\t\t\r\n\t\t\t\t\t\t\t\t\t\r\n\t\t\t\t\t\t\r\n\t\t\t\t\t\t<img decoding=\"async\" src=\"https:\/\/www.pk-vision.ch\/wp-content\/uploads\/003.jpg\" alt=\"https:\/\/www.pk-vision.ch\/wp-content\/uploads\/003.jpg\"\/>\r\n\t\t\t\t\t\t\r\n\t\t\t\t\r\n\t\t\t\t\t\t\t\t\r\n\t\t\t\r\n\t\t\t<\/div>\r\n\t\t\t\t\t<div class=\"page\" data-page=\"3\">\r\n\t\t\t\t\r\n\t\t\t\t\t\t\t\t\t\r\n\t\t\t\t\t\t\t\t\t\r\n\t\t\t\t\t\t\r\n\t\t\t\t\t\t<img decoding=\"async\" src=\"https:\/\/www.pk-vision.ch\/wp-content\/uploads\/004.jpg\" alt=\"https:\/\/www.pk-vision.ch\/wp-content\/uploads\/004.jpg\"\/>\r\n\t\t\t\t\t\t\r\n\t\t\t\t\r\n\t\t\t\t\t\t\t\t\r\n\t\t\t\r\n\t\t\t<\/div>\r\n\t\t\t\t\t<div class=\"page\" data-page=\"4\">\r\n\t\t\t\t\r\n\t\t\t\t\t\t\t\t\t\r\n\t\t\t\t\t\t\t\t\t\r\n\t\t\t\t\t\t\r\n\t\t\t\t\t\t<img decoding=\"async\" src=\"https:\/\/www.pk-vision.ch\/wp-content\/uploads\/005.jpg\" alt=\"https:\/\/www.pk-vision.ch\/wp-content\/uploads\/005.jpg\"\/>\r\n\t\t\t\t\t\t\r\n\t\t\t\t\r\n\t\t\t\t\t\t\t\t\r\n\t\t\t\r\n\t\t\t<\/div>\r\n\t\t\t\t\t<div class=\"page\" data-page=\"5\">\r\n\t\t\t\t\r\n\t\t\t\t\t\t\t\t\t\r\n\t\t\t\t\t\t\t\t\t\r\n\t\t\t\t\t\t\r\n\t\t\t\t\t\t<img decoding=\"async\" src=\"https:\/\/www.pk-vision.ch\/wp-content\/uploads\/006.jpg\" alt=\"https:\/\/www.pk-vision.ch\/wp-content\/uploads\/006.jpg\"\/>\r\n\t\t\t\t\t\t\r\n\t\t\t\t\r\n\t\t\t\t\t\t\t\t\r\n\t\t\t\r\n\t\t\t<\/div>\r\n\t\t\t\t\t<div class=\"page\" data-page=\"6\">\r\n\t\t\t\t\r\n\t\t\t\t\t\t\t\t\t\r\n\t\t\t\t\t\t\t\t\t\r\n\t\t\t\t\t\t\r\n\t\t\t\t\t\t<img decoding=\"async\" src=\"https:\/\/www.pk-vision.ch\/wp-content\/uploads\/009.jpg\" alt=\"https:\/\/www.pk-vision.ch\/wp-content\/uploads\/009.jpg\"\/>\r\n\t\t\t\t\t\t\r\n\t\t\t\t\r\n\t\t\t\t\t\t\t\t\r\n\t\t\t\r\n\t\t\t<\/div>\r\n\t\t\t\t\t<div class=\"page\" data-page=\"7\">\r\n\t\t\t\t\r\n\t\t\t\t\t\t\t\t\t\r\n\t\t\t\t\t\t\t\t\t\r\n\t\t\t\t\t\t\r\n\t\t\t\t\t\t<img decoding=\"async\" src=\"https:\/\/www.pk-vision.ch\/wp-content\/uploads\/011.jpg\" alt=\"https:\/\/www.pk-vision.ch\/wp-content\/uploads\/011.jpg\"\/>\r\n\t\t\t\t\t\t\r\n\t\t\t\t\r\n\t\t\t\t\t\t\t\t\r\n\t\t\t\r\n\t\t\t<\/div>\r\n\t\t\t\t\t<div class=\"page\" data-page=\"8\">\r\n\t\t\t\t\r\n\t\t\t\t\t\t\t\t\t\r\n\t\t\t\t\t\t\t\t\t\r\n\t\t\t\t\t\t\r\n\t\t\t\t\t\t<img decoding=\"async\" src=\"https:\/\/www.pk-vision.ch\/wp-content\/uploads\/015.jpg\" alt=\"https:\/\/www.pk-vision.ch\/wp-content\/uploads\/015.jpg\"\/>\r\n\t\t\t\t\t\t\r\n\t\t\t\t\r\n\t\t\t\t\t\t\t\t\r\n\t\t\t\r\n\t\t\t<\/div>\r\n\t\t\t\t\t<div class=\"page\" data-page=\"9\">\r\n\t\t\t\t\r\n\t\t\t\t\t\t\t\t\t\r\n\t\t\t\t\t\t\t\t\t\r\n\t\t\t\t\t\t\r\n\t\t\t\t\t\t<img decoding=\"async\" src=\"https:\/\/www.pk-vision.ch\/wp-content\/uploads\/012.jpg\" alt=\"https:\/\/www.pk-vision.ch\/wp-content\/uploads\/012.jpg\"\/>\r\n\t\t\t\t\t\t\r\n\t\t\t\t\r\n\t\t\t\t\t\t\t\t\r\n\t\t\t\r\n\t\t\t<\/div>\r\n\t\t\t\t\t<div class=\"page\" data-page=\"10\">\r\n\t\t\t\t\r\n\t\t\t\t\t\t\t\t\t\r\n\t\t\t\t\t\t\t\t\t\r\n\t\t\t\t\t\t\r\n\t\t\t\t\t\t<img decoding=\"async\" src=\"https:\/\/www.pk-vision.ch\/wp-content\/uploads\/013.jpg\" alt=\"https:\/\/www.pk-vision.ch\/wp-content\/uploads\/013.jpg\"\/>\r\n\t\t\t\t\t\t\r\n\t\t\t\t\r\n\t\t\t\t\t\t\t\t\r\n\t\t\t\r\n\t\t\t<\/div>\r\n\t\t\t\t\t<div class=\"page\" data-page=\"11\">\r\n\t\t\t\t\r\n\t\t\t\t\t\t\t\t\t\r\n\t\t\t\t\t\t\t\t\t\r\n\t\t\t\t\t\t\r\n\t\t\t\t\t\t<img decoding=\"async\" src=\"https:\/\/www.pk-vision.ch\/wp-content\/uploads\/014-1.jpg\" alt=\"https:\/\/www.pk-vision.ch\/wp-content\/uploads\/014-1.jpg\"\/>\r\n\t\t\t\t\t\t\r\n\t\t\t\t\r\n\t\t\t\t\t\t\t\t\r\n\t\t\t\r\n\t\t\t<\/div>\r\n\t\t\t\t\t<div class=\"page\" data-page=\"12\">\r\n\t\t\t\t\r\n\t\t\t\t\t\t\t\t\t\r\n\t\t\t\t\t\t\t\t\t\r\n\t\t\t\t\t\t\r\n\t\t\t\t\t\t<img decoding=\"async\" src=\"https:\/\/www.pk-vision.ch\/wp-content\/uploads\/029.jpg\" alt=\"https:\/\/www.pk-vision.ch\/wp-content\/uploads\/029.jpg\"\/>\r\n\t\t\t\t\t\t\r\n\t\t\t\t\r\n\t\t\t\t\t\t\t\t\r\n\t\t\t\r\n\t\t\t<\/div>\r\n\t\t\t\t\t<div class=\"page\" data-page=\"13\">\r\n\t\t\t\t\r\n\t\t\t\t\t\t\t\t\t\r\n\t\t\t\t\t\t\t\t\t\r\n\t\t\t\t\t\t\r\n\t\t\t\t\t\t<img decoding=\"async\" src=\"https:\/\/www.pk-vision.ch\/wp-content\/uploads\/030.jpg\" alt=\"https:\/\/www.pk-vision.ch\/wp-content\/uploads\/030.jpg\"\/>\r\n\t\t\t\t\t\t\r\n\t\t\t\t\r\n\t\t\t\t\t\t\t\t\r\n\t\t\t\r\n\t\t\t<\/div>\r\n\t\t\t\t\t<div class=\"page\" data-page=\"14\">\r\n\t\t\t\t\r\n\t\t\t\t\t\t\t\t\t\r\n\t\t\t\t\t\t\t\t\t\r\n\t\t\t\t\t\t\r\n\t\t\t\t\t\t<img decoding=\"async\" src=\"https:\/\/www.pk-vision.ch\/wp-content\/uploads\/047.jpg\" alt=\"https:\/\/www.pk-vision.ch\/wp-content\/uploads\/047.jpg\"\/>\r\n\t\t\t\t\t\t\r\n\t\t\t\t\r\n\t\t\t\t\t\t\t\t\r\n\t\t\t\r\n\t\t\t<\/div>\r\n\t\t\t\t\t<div class=\"page\" data-page=\"15\">\r\n\t\t\t\t\r\n\t\t\t\t\t\t\t\t\t\r\n\t\t\t\t\t\t\t\t\t\r\n\t\t\t\t\t\t\r\n\t\t\t\t\t\t<img decoding=\"async\" src=\"https:\/\/www.pk-vision.ch\/wp-content\/uploads\/049.jpg\" alt=\"https:\/\/www.pk-vision.ch\/wp-content\/uploads\/049.jpg\"\/>\r\n\t\t\t\t\t\t\r\n\t\t\t\t\r\n\t\t\t\t\t\t\t\t\r\n\t\t\t\r\n\t\t\t<\/div>\r\n\t\t\t\t\t<div class=\"page\" data-page=\"16\">\r\n\t\t\t\t\r\n\t\t\t\t\t\t\t\t\t\r\n\t\t\t\t\t\t\t\t\t\r\n\t\t\t\t\t\t\r\n\t\t\t\t\t\t<img decoding=\"async\" src=\"https:\/\/www.pk-vision.ch\/wp-content\/uploads\/053.jpg\" alt=\"https:\/\/www.pk-vision.ch\/wp-content\/uploads\/053.jpg\"\/>\r\n\t\t\t\t\t\t\r\n\t\t\t\t\r\n\t\t\t\t\t\t\t\t\r\n\t\t\t\r\n\t\t\t<\/div>\r\n\t\t\t\t\t<div class=\"page\" data-page=\"17\">\r\n\t\t\t\t\r\n\t\t\t\t\t\t\t\t\t\r\n\t\t\t\t\t\t\t\t\t\r\n\t\t\t\t\t\t\r\n\t\t\t\t\t\t<img decoding=\"async\" src=\"https:\/\/www.pk-vision.ch\/wp-content\/uploads\/054.jpg\" alt=\"https:\/\/www.pk-vision.ch\/wp-content\/uploads\/054.jpg\"\/>\r\n\t\t\t\t\t\t\r\n\t\t\t\t\r\n\t\t\t\t\t\t\t\t\r\n\t\t\t\r\n\t\t\t<\/div>\r\n\t\t\t\t\t<div class=\"page\" data-page=\"18\">\r\n\t\t\t\t\r\n\t\t\t\t\t\t\t\t\t\r\n\t\t\t\t\t\t\t\t\t\r\n\t\t\t\t\t\t\r\n\t\t\t\t\t\t<img decoding=\"async\" src=\"https:\/\/www.pk-vision.ch\/wp-content\/uploads\/069.jpg\" alt=\"https:\/\/www.pk-vision.ch\/wp-content\/uploads\/069.jpg\"\/>\r\n\t\t\t\t\t\t\r\n\t\t\t\t\r\n\t\t\t\t\t\t\t\t\r\n\t\t\t\r\n\t\t\t<\/div>\r\n\t\t\t\t\t<div class=\"page\" data-page=\"19\">\r\n\t\t\t\t\r\n\t\t\t\t\t\t\t\t\t\r\n\t\t\t\t\t\t\t\t\t\r\n\t\t\t\t\t\t\r\n\t\t\t\t\t\t<img decoding=\"async\" src=\"https:\/\/www.pk-vision.ch\/wp-content\/uploads\/070.jpg\" alt=\"https:\/\/www.pk-vision.ch\/wp-content\/uploads\/070.jpg\"\/>\r\n\t\t\t\t\t\t\r\n\t\t\t\t\r\n\t\t\t\t\t\t\t\t\r\n\t\t\t\r\n\t\t\t<\/div>\r\n\t\t\t\t\t<div class=\"page\" data-page=\"20\">\r\n\t\t\t\t\r\n\t\t\t\t\t\t\t\t\t\r\n\t\t\t\t\t\t\t\t\t\r\n\t\t\t\t\t\t\r\n\t\t\t\t\t\t<img decoding=\"async\" src=\"https:\/\/www.pk-vision.ch\/wp-content\/uploads\/073.jpg\" alt=\"https:\/\/www.pk-vision.ch\/wp-content\/uploads\/073.jpg\"\/>\r\n\t\t\t\t\t\t\r\n\t\t\t\t\r\n\t\t\t\t\t\t\t\t\r\n\t\t\t\r\n\t\t\t<\/div>\r\n\t\t\t\t\t<div class=\"page\" data-page=\"21\">\r\n\t\t\t\t\r\n\t\t\t\t\t\t\t\t\t\r\n\t\t\t\t\t\t\t\t\t\r\n\t\t\t\t\t\t\r\n\t\t\t\t\t\t<img decoding=\"async\" src=\"https:\/\/www.pk-vision.ch\/wp-content\/uploads\/074.jpg\" alt=\"https:\/\/www.pk-vision.ch\/wp-content\/uploads\/074.jpg\"\/>\r\n\t\t\t\t\t\t\r\n\t\t\t\t\r\n\t\t\t\t\t\t\t\t\r\n\t\t\t\r\n\t\t\t<\/div>\r\n\t\t\t\t\t<div class=\"page\" data-page=\"22\">\r\n\t\t\t\t\r\n\t\t\t\t\t\t\t\t\t\r\n\t\t\t\t\t\t\t\t\t\r\n\t\t\t\t\t\t\r\n\t\t\t\t\t\t<img decoding=\"async\" src=\"https:\/\/www.pk-vision.ch\/wp-content\/uploads\/079.jpg\" alt=\"https:\/\/www.pk-vision.ch\/wp-content\/uploads\/079.jpg\"\/>\r\n\t\t\t\t\t\t\r\n\t\t\t\t\r\n\t\t\t\t\t\t\t\t\r\n\t\t\t\r\n\t\t\t<\/div>\r\n\t\t\t\t\t<div class=\"page\" data-page=\"23\">\r\n\t\t\t\t\r\n\t\t\t\t\t\t\t\t\t\r\n\t\t\t\t\t\t\t\t\t\r\n\t\t\t\t\t\t\r\n\t\t\t\t\t\t<img decoding=\"async\" src=\"https:\/\/www.pk-vision.ch\/wp-content\/uploads\/080.jpg\" alt=\"https:\/\/www.pk-vision.ch\/wp-content\/uploads\/080.jpg\"\/>\r\n\t\t\t\t\t\t\r\n\t\t\t\t\r\n\t\t\t\t\t\t\t\t\r\n\t\t\t\r\n\t\t\t<\/div>\r\n\t\t\t\t\t<div class=\"page\" data-page=\"24\">\r\n\t\t\t\t\r\n\t\t\t\t\t\t\t\t\t\r\n\t\t\t\t\t\t\t\t\t\r\n\t\t\t\t\t\t\r\n\t\t\t\t\t\t<img decoding=\"async\" src=\"https:\/\/www.pk-vision.ch\/wp-content\/uploads\/085.jpg\" alt=\"https:\/\/www.pk-vision.ch\/wp-content\/uploads\/085.jpg\"\/>\r\n\t\t\t\t\t\t\r\n\t\t\t\t\r\n\t\t\t\t\t\t\t\t\r\n\t\t\t\r\n\t\t\t<\/div>\r\n\t\t\t\t\t<div class=\"page\" data-page=\"25\">\r\n\t\t\t\t\r\n\t\t\t\t\t\t\t\t\t\r\n\t\t\t\t\t\t\t\t\t\r\n\t\t\t\t\t\t\r\n\t\t\t\t\t\t<img decoding=\"async\" src=\"https:\/\/www.pk-vision.ch\/wp-content\/uploads\/086.jpg\" alt=\"https:\/\/www.pk-vision.ch\/wp-content\/uploads\/086.jpg\"\/>\r\n\t\t\t\t\t\t\r\n\t\t\t\t\r\n\t\t\t\t\t\t\t\t\r\n\t\t\t\r\n\t\t\t<\/div>\r\n\t\t\t<\/div>\r\n\t<\/div>\r\n\r\n\r\n<script type=\"text\/javascript\">\r\n\tjQuery(document).ready( function() {\r\n\t\t\r\n\t\tvar bookletContainer = jQuery(\".wp-booklet-69e44bf0cb6cd-container\");\r\n\t\t \r\n\t\tbookletContainer.wpBookletExtended({\r\n\t\t\twidth:887,\r\n\t\t\theight:699,\r\n\t\t\tpadding:10,\r\n\t\t\tspeed:1000,\r\n\t\t\tdirection:'LTR',\r\n\t\t\tdelay:5000,\r\n\t\t\tpopupsEnabled:false,\r\n\t\t\tthumbnailsEnabled:false,\r\n\t\t\tarrowsEnabled:false,\r\n\t\t\tpageNumbersEnabled:true,\r\n\t\t\tbookletMargin:45,\r\n\t\t\tthumbnailsContainerMargin:11,\r\n\t\t\tcoverBehavior:\"open\"\r\n\t\t});\r\n\r\n\t});\r\n<\/script>\r\n\n ","protected":false},"excerpt":{"rendered":"<p><a href=\"https:\/\/shapepark.org.il\/en\/\" target=\"_blank\" rel=\"noopener\"><span style=\"color: #6dad7f; font-family: 'book antiqua', palatino, serif; font-size: 14pt;\">15% des Erl\u00f6ses gehen an den ShapePark in Kfar-Saba\/Israel<\/span><\/a><\/p>\n<p>In den letzten zwei Novemberwochen 2019 durfte ich mitten im sch\u00f6nen Wohnquartier Neubad, in Basel, eine grosse Fotoausstellung machen. Ich konnte in einem Haus, das gerade vor der Sanierung stand, auf zwei Stockwerken, in f\u00fcnf R\u00e4umen, den G\u00e4ngen und dem Treppenhaus insgesamt 214 Bilder zeigen.<\/p>\n<p>Schon an der Vernissage der Fotoausstellung, h\u00f6rte ich von den G\u00e4sten immer wieder, wie gerne sie ein Bild gekauft, aber keinen Platz zum Aufh\u00e4ngen h\u00e4tten. So entstand die Idee dieses Fotobuch zu gestalten. Das Resultat liegt jetzt hier vor Ihnen. Ich hoffe, es gef\u00e4llt Ihnen genauso, wie es mir gef\u00e4llt.<\/p>\n<p><a href=\"https:\/\/shapepark.org.il\/en\/\" target=\"_blank\" rel=\"noopener noreferrer\"><img loading=\"lazy\" decoding=\"async\" class=\"alignleft wp-image-211785 size-thumbnail\" src=\"http:\/\/www.pk-vision.ch\/wp-content\/uploads\/Map-Fitness-Trail-150x150.jpg\" alt=\"\" width=\"150\" height=\"150\" srcset=\"https:\/\/www.pk-vision.ch\/wp-content\/uploads\/Map-Fitness-Trail-150x150.jpg 150w, https:\/\/www.pk-vision.ch\/wp-content\/uploads\/Map-Fitness-Trail-300x300.jpg 300w, https:\/\/www.pk-vision.ch\/wp-content\/uploads\/Map-Fitness-Trail-100x100.jpg 100w\" sizes=\"auto, (max-width: 150px) 100vw, 150px\" \/><\/a><\/p>\n<p>Einfach ein Fotobuch mehr auf den Markt zu bringen, liegt mir aber nicht. Deshalb hatte ich zusammen mit Guido Guth, dem langj\u00e4hrigen Freund meines leider viel zu fr\u00fch verstorbenen Bruders Steven Karger, die Idee, mit meinem Fotobuch etwas Gemeinn\u00fctziges zu tun. 15% des Erl\u00f6s meines Fotobuches werden an den \u00ab<a href=\"https:\/\/shapepark.org.il\/en\/\">ShapePark<\/a>\u00bb gespendet \u2013 den Vitaparcours in &#8220;Kfar Saba&#8221; (in der N\u00e4he von Tel-Aviv), der an meinen Bruder erinnert, <a href=\"https:\/\/shapepark.org.il\/en\/\">www.shapepark.org.il\/en<\/a><\/p>\n<p>Fotobuch: 84 Seiten mit 96 Bildern zu den Themen: Natur. Ansichten. Elemente. Mineralien<\/p>\n","protected":false},"featured_media":211791,"comment_status":"open","ping_status":"closed","template":"","meta":[],"product_brand":[],"product_cat":[60],"product_tag":[],"class_list":{"0":"post-211796","1":"product","2":"type-product","3":"status-publish","4":"has-post-thumbnail","6":"product_cat-buecher","7":"product_shipping_class-fotobuch","9":"first","10":"instock","11":"purchasable","12":"product-type-simple"},"_links":{"self":[{"href":"https:\/\/www.pk-vision.ch\/index.php?rest_route=\/wp\/v2\/product\/211796","targetHints":{"allow":["GET"]}}],"collection":[{"href":"https:\/\/www.pk-vision.ch\/index.php?rest_route=\/wp\/v2\/product"}],"about":[{"href":"https:\/\/www.pk-vision.ch\/index.php?rest_route=\/wp\/v2\/types\/product"}],"replies":[{"embeddable":true,"href":"https:\/\/www.pk-vision.ch\/index.php?rest_route=%2Fwp%2Fv2%2Fcomments&post=211796"}],"wp:featuredmedia":[{"embeddable":true,"href":"https:\/\/www.pk-vision.ch\/index.php?rest_route=\/wp\/v2\/media\/211791"}],"wp:attachment":[{"href":"https:\/\/www.pk-vision.ch\/index.php?rest_route=%2Fwp%2Fv2%2Fmedia&parent=211796"}],"wp:term":[{"taxonomy":"product_brand","embeddable":true,"href":"https:\/\/www.pk-vision.ch\/index.php?rest_route=%2Fwp%2Fv2%2Fproduct_brand&post=211796"},{"taxonomy":"product_cat","embeddable":true,"href":"https:\/\/www.pk-vision.ch\/index.php?rest_route=%2Fwp%2Fv2%2Fproduct_cat&post=211796"},{"taxonomy":"product_tag","embeddable":true,"href":"https:\/\/www.pk-vision.ch\/index.php?rest_route=%2Fwp%2Fv2%2Fproduct_tag&post=211796"}],"curies":[{"name":"wp","href":"https:\/\/api.w.org\/{rel}","templated":true}]}}